common factor of l and m.
1
Suppose 2*h - 40 = 3*q - 3*h, 1 = -h. Let z(s) = -6*s - 68. Let x be z(q). Calculate the highest common divisor of x and 11.
11
Let v be (-2)/(-3)*27*(-14)/(-6). Let q = 142 + -100. What is the highest common factor of q and v?
42
Suppose 3*w = -272 + 281. Suppose -w*x + 286 + 44 = 0. Calculate the greatest common divisor of 20 and x.
10
Let r(s) = 5*s - 3. Let a be r(5). Suppose -5*i = -3*i - a. Let d(n) = -8*n - 5. Let q be d(-2). Calculate the highest common factor of q and i.
11
Let t be 150/(-20)*(-29220)/90. Calculate the greatest common divisor of 5 and t.
5
Suppose -185 + 243 = j - 3*z, 2*j - 134 = -3*z. Calculate the greatest common divisor of 428 and j.
4
Let m(v) = -v**2 + 13*v - 13. Let c be m(12). Let j be 277 + c + 0 + 0. What is the greatest common factor of j and 23?
23
Let r(s) = s**2 - 18. Suppose -6*k = -14 - 22. Let z be r(k). What is the highest common factor of 24 and z?
6
Let c = -2603 - -2631. Calculate the highest common factor of c and 84.
28
Let m = -273 + 282. Suppose -b + 0*b = 2*z - m, 3*z = 3*b - 9. What is the greatest common factor of 5 and b?
5
Let j = 3727 + -3575. Calculate the highest common divisor of j and 256.
8
Let z(o) = 3*o**2 - 2*o + 45. Let b be z(-13). Let h = b + -556. What is the highest common factor of h and 22?
22
Let w be 28 + 881 + (-5 - 8). What is the greatest common divisor of w and 140?
28
Let t = 372 + -368. Let l = t - -365. Calculate the greatest common divisor of l and 164.
41
Let h(d) = 2*d**2 - 2*d + 18. Let p(b) = b**2 + 3*b + 5. Let s be p(0). Let c be h(s). Let o = c + -30. Calculate the greatest common factor of o and 126.
14
Suppose 440*f = 258*f + 492310. What is the highest common factor of f and 20?
5
Let l = -57 - -345. Let c be (-6 - -16)/(2/5). Suppose -210 = -5*k + 5*f - c, -3*k = 2*f - 86. What is the highest common divisor of l and k?
32
Let n(j) = j + 1. Let o(r) = -2*r - 3. Let k(q) = 7*n(q) + 3*o(q). Let h be k(4). Calculate the highest common divisor of 8 and h.
2
Suppose 0 = -478*c - 41715 + 414077. Calculate the greatest common divisor of 988 and c.
19
Let g(f) be the third derivative of 7*f**6/20 + f**5/30 + 10*f**2 + 9. Let b be g(1). Calculate the greatest common factor of 88 and b.
44
Suppose 5*t + 2*h - 829 = 0, -21*h + 328 = 2*t - 22*h. Let r be ((-99)/(-4))/((-18)/(-48)). What is the greatest common factor of r and t?
33
Let j(h) = 3*h - 56. Let d be j(18). Let t be (2/30*24)/(d/(-130)). Suppose 3*v = -5*p + 59, 4*v + p + 5 = 61. Calculate the greatest common divisor of t and v.
13
Suppose 29221*o = 29228*o - 69363. What is the greatest common factor of o and 27?
27
Suppose -179*j - 4*j = -4*j - 447321. What is the highest common divisor of 1173 and j?
51
Let a(o) be the second derivative of o**5/20 + 5*o**4/6 - 23*o**3/6 - 61*o**2/2 + 158*o. Let g be a(-11). What is the highest common factor of 639 and g?
71
Let o be 3 + (-1 - 3) + 4. Suppose 0*r + 5*r = 15, -5*q - o*r = -339. What is the greatest common divisor of 11 and q?
11
Suppose -5*q + 9*q - 2*k - 224 = 0, 3*q + 5*k - 168 = 0. Calculate the highest common factor of q and 1631.
7
Suppose -10*c + 4 = -8*c. Suppose 3*y = 5*y + 2*t - 490, c*t + 470 = 2*y. Suppose y = 2*f + 4*f. Calculate the highest common divisor of 320 and f.
40
Suppose -4*f + 80 = 4*c, 4*f + 64 = -0*c + 2*c. Let h be (1584/60)/((-36)/(-180)). What is the greatest common factor of h and c?
12
Suppose 0 = 538*j - 352*j - 744. Suppose u = -4*u + 320. What is the greatest common factor of j and u?
4
Let g be 38*2 + 46 + -44. Calculate the highest common divisor of 208 and g.
26
Let h be (-66)/22 - (-10 - 0). What is the highest common factor of 623 and h?
7
Suppose -19*n - 3018 = -10542. What is the greatest common factor of 72 and n?
36
Suppose 1193*k + 306 = 1195*k. Calculate the highest common factor of 11169 and k.
153
Let g(f) = -6*f + 2. Let r be g(-1). Let i be r/(-24) + (172/12 - 0). Calculate the greatest common divisor of 154 and i.
14
Let b(l) = -l**3 - 5*l**2 + 12*l + 4. Let s be b(6). Let p = s + 338. What is the greatest common factor of p and 954?
18
Let o be (-15)/(-2) - (-123)/(-82). Suppose o*c - 1524 = c - 2*w, -2*w + 308 = c. Calculate the greatest common divisor of 19 and c.
19
Let j(n) = -11*n**3 - 196*n**2 + 18*n - 9. Let b be j(-18). Calculate the greatest common factor of 1113 and b.
21
Suppose 4*l - 366 = -5*a, 2*l + 2*l = 4*a - 264. Let s = a - 65. Suppose s*r - 9 = -4*r. Calculate the highest common divisor of r and 1.
1
Suppose -2*l + 75 = l. Suppose 9*r + l = 151. Let n = r - 12. What is the greatest common divisor of 16 and n?
2
Let h(v) be the third derivative of 3*v**4/8 + 13*v**3/3 - 33*v**2. Let o be h(7). Let n = o - 70. Calculate the greatest common divisor of 57 and n.
19
Let h be 40/(-25) + (34/(-10) - -3). Let v(m) = -10*m + 25. Let l be v(h). Calculate the highest common divisor of l and 60.
15
Suppose -i = a - 799 - 1167, 0 = -a + 9. Calculate the greatest common divisor of i and 2781.
103
Let q = -1031 - -131. Let h be (12/9)/((-5)/q). Calculate the greatest common divisor of h and 30.
30
Let y = 909 + -808. What is the highest common factor of y and 2?
1
Let d(v) = 7*v - 65. Let s be d(10). Suppose -s*x = -9*k + 4*k - 60, 0 = -2*k + 10. What is the greatest common divisor of 17 and x?
17
Let j = 11937 - 11897. Calculate the greatest common divisor of 1310 and j.
10
Suppose 3*n = 5*j - 3*j + 2092, 3*n - 2097 = -3*j. Let d = n - 662. What is the greatest common divisor of d and 192?
12
Let d = 9 - -30. Let v = 59 - d. Let k(y) = y**3 + 10*y**2 + 14*y + 11. Let w be k(-7). What is the greatest common factor of v and w?
20
Suppose 0 = 3*z - 4*q - 327, 5*z + 3284*q = 3288*q + 569. What is the highest common divisor of 8 and z?
1
Suppose -92669 = 298*m - 317957. What is the highest common factor of m and 333?
9
Let q be (-5 - (-12 - 98))*(-1 + 128/20). What is the highest common divisor of q and 504?
63
Let l be 17/(-34) + (350/(-4))/(-1). Suppose -3*x + 462 - l = 5*w, 0 = 3*x + 15. Let f = 8 - 2. What is the highest common divisor of f and w?
6
Let i = 101 - 69. Let h be i/24*6/4. Suppose 3*p - 8 - 10 = 0. Calculate the greatest common factor of h and p.
2
Let d = 26628 + -26346. What is the greatest common divisor of 752 and d?
94
Let b = -3789 - -3809. Calculate the greatest common factor of b and 105.
5
Let l be (208 - -1) + -1 + -1. Let w = 463654 - 463562. Calculate the greatest common factor of l and w.
23
Let a = 331 - 123. Let h(g) = 25*g + 399. Let o be h(-47). Let i = o - -792. What is the highest common factor of a and i?
16
Let t(s) = -166*s - 162. Let w be t(-2). Suppose 3*j = -j + 4. Suppose 2*q - 21 = -j. What is the highest common factor of q and w?
10
Let r be (22 - 1)*(8232/63)/28. What is the highest common divisor of r and 2597?
49
Suppose -2*s - 40 = -7*s. Suppose -3*v = -s - 7. Suppose -24 = -5*f - 2*k, 0 = -v*f + 2*k - k + 33. Calculate the highest common divisor of 6 and f.
6
Suppose 2*y + h = 92, 5*h = -4*y + 199 - 27. Calculate the greatest common factor of y and 2048.
16
Let f(x) = x**2 + 3*x - 6. Let k be f(-9). Suppose -4*i - 5*h + 9*h = -976, -5*i - 2*h + 1192 = 0. Calculate the highest common divisor of i and k.
48
Let d(a) = -a**3 - 13*a**2 - 13*a - 7. Let v be d(-12). Suppose 4*h + 2*i - 121 - 229 = 0, v*i + 269 = 3*h. Calculate the greatest common divisor of h and 8.
8
Let k(x) = -11*x + 20. Let b be k(8). Let q = b + 113. Let l be ((-42)/2)/((-9)/q). What is the highest common divisor of l and 70?
35
Let f = -7341 - -15229. Calculate the highest common factor of 4 and f.
4
Let i(c) = 3*c**3 - 25*c**2 + 133*c + 3. Let w be i(10). What is the highest common divisor of 156 and w?
39
Suppose -26 = 19*i + 31. Let z be ((-10)/i)/(26/39). Calculate the greatest common divisor of z and 65.
5
Suppose 0 = -20*f - 10*f + 13050. Suppose -4*v + 379 = u - 50, 4*v - u - f = 0. Calculate the highest common divisor of 36 and v.
36
Suppose 31 = 3*q + 4*k, 0*k + 21 = 2*q + 3*k. Suppose w = -l + q - 2, -4*l = -w + 12. Suppose y - 25 = -w. Calculate the highest common factor of y and 187.
17
Suppose 5*q + 2 = -2*o, -8*o + 3*o - 3*q = -33. Let f = o - -21. Let y be (-2 - -47)/((-9)/(-6)). Calculate the greatest common factor of y and f.
30
Suppose -2*m